((-1)/6). Let l = h - 6. Suppose 617*j - 609*j = 216. Calculate the remainder when j is divided by l.
7
Suppose -3*f + 375 + 84 = 0. Suppose -h - 5*k + 49 = 0, k + k - f = -5*h. Suppose -3*l = -2*l - 15. What is the remainder when h is divided by l?
14
Suppose 0*s - 5*s = -n - 174, -3*n - 12 = 0. Suppose p - s = -2*q - 3*p, -5*p + 10 = 0. Let b(v) = 5*v - 39. Calculate the remainder when b(15) is divided by q.
10
Let k be 41 + 635 + 1*(-2)/(-2). Suppose -11*r = 116 - k. Calculate the remainder when r is divided by 13.
12
Let p(l) = -3*l + 16. Let w(x) = -6*x + 31. Let b(m) = -13*p(m) + 6*w(m). Calculate the remainder when 30 is divided by b(10).
6
Suppose 0 = 7*d - 3*d - 52. Calculate the remainder when ((-3168)/(-108))/((-4)/(-6)) - 8 is divided by d.
10
Let s(d) = 13*d**2 + d - 2. Calculate the remainder when 16 is divided by s(1).
4
Let l = -9 + 14. Let f be (-2 - 4/8)*-2. Suppose -7 = f*u - 42. Calculate the remainder when u is divided by l.
2
Suppose -3*w = -w + 2. Let t(j) = -50*j. Calculate the remainder when 147 is divided by t(w).
47
Let c = -489 - -523. Calculate the remainder when 59 is divided by c.
25
Suppose -5*k + 359 = 2*x, 10*x - 6 = 12*x. Calculate the remainder when k is divided by 39.
34
Let s(u) = -17*u. Let v be s(-2). Let h = -18 + v. Let p = -8 + h. Calculate the remainder when 23 is divided by p.
7
Suppose 55 = 4*b + 3*p, 5*b = -4*p + 34 + 36. What is the remainder when 57 is divided by b?
7
Let g(f) = 5*f - 69. Calculate the remainder when 47 is divided by g(16).
3
Suppose 0 = 23*j - 857 - 293. Calculate the remainder when 797 is divided by j.
47
Let z(s) = -7*s**2 - 8*s + 3. Let i(j) = -j**2 - j. Let y(d) = 4*i(d) - z(d). What is the remainder when 17 is divided by y(-3)?
5
Let y(t) = 14*t + 5. Let a = -35 - -40. What is the remainder when y(3) is divided by (a/((-25)/(-85)))/1?
13
Let c(m) = -m**3 + 5*m**2 - m + 10. Let s be c(5). Suppose 5 = -5*g, s*r - 284 = -0*r - g. What is the remainder when r is divided by 30?
27
Let r(i) = 16*i + 3. Let s be r(-1). Let k = s - -15. Calculate the remainder when 13 is divided by k.
1
Calculate the remainder when (-2 - -3)*(-35 + 118) is divided by 22.
17
Let z = 543 + -521. What is the remainder when 258 is divided by z?
16
Let f = -731 - -911. Calculate the remainder when f is divided by 41.
16
Let h be (-3 + -47)*(-2 - (-12)/5). What is the remainder when (30/4)/((-5)/h) is divided by 11?
8
Suppose -26*z + 299 = -3*z. What is the remainder when z is divided by 6?
1
Let o = 520 - 387. Calculate the remainder when o is divided by 68.
65
Suppose 3*x = -2*p + 43, 2*p = -x + p + 16. Calculate the remainder when 31 is divided by x.
9
Let p(g) = -13*g - 3. Let d(c) = 64*c + 16. Let u(r) = -2*d(r) - 11*p(r). Let h = -93 - -94. What is the remainder when u(h) is divided by 6?
4
What is the remainder when 69 is divided by ((-348)/(-24))/(2/8)?
11
Let w(u) = -20*u + 8. Suppose 22 = 3*h - 3*j - 8, -3*j = 5*h - 50. Calculate the remainder when w(-5) is divided by h.
8
Suppose 3*v - 4*g = v, 5*g = -5. Calculate the remainder when 158/6*-12*1/v is divided by 23.
20
Suppose 25 = 4*n - 27. Suppose -66*r + 81*r = 375. Calculate the remainder when r is divided by n.
12
Suppose 0 = 2*o - 0*o - q - 6, 4*o - q - 16 = 0. Let b be (-24)/(3 + -6)*58/4. Suppose k - o*k = -b. What is the remainder when k is divided by 16?
13
Suppose 5*x + 28*x - 1419 = 0. What is the remainder when 83 is divided by x?
40
Suppose 5*b = -4*l + 43, l - b - b - 1 = 0. Calculate the remainder when 368 is divided by l.
4
Let k(p) = p**2 + 34*p - 216. Calculate the remainder when k(6) is divided by 18.
6
Calculate the remainder when 34 is divided by (((-2040)/(-16))/17)/((-1)/(-2)).
4
Let z be 9/5 + 2/10. Suppose 2*m = 4*a + z, -4*a - 2 = -14. What is the remainder when 34 is divided by m?
6
Let i be 1 + -50 + 1 + 1. What is the remainder when (i/(-3))/(14/6 + -2) is divided by 16?
15
Let o = 63891 + -63867. Suppose 2 = -4*h + 10. Suppose 3*k = h*t + 281, 5*t = -k - 1 + 106. What is the remainder when k is divided by o?
23
Let r = -19 - -40. What is the remainder when 4/(-6) - -10*(-75)/(-18) is divided by r?
20
Let z = -312 - -336. Calculate the remainder when 191 is divided by z.
23
Let y = 76 - 76. Let i(p) = -p**2 + 5*p + 188. Calculate the remainder when i(y) is divided by 48.
44
Let o(m) = -m - 4. Let d be o(-2). Let j(z) = 19*z**2 - z - 3. What is the remainder when j(d) is divided by 19?
18
Suppose -11*z = -2*z - 1386. Calculate the remainder when z is divided by 20.
14
Let v(n) be the second derivative of -n**4/12 - 4*n**3/3 + n**2 + n. Let p be v(-6). Suppose p + 19 = z. Calculate the remainder when z is divided by 9.
6
Let a = -20 - -42. Let c = 380 - 293. What is the remainder when c is divided by a?
21
Let x(v) = v**3 - 5*v**2 - 9*v - 3. Let p be x(5). Let w = -34 - p. What is the remainder when 24 is divided by w?
10
Let j(k) = k**3 + 19*k**2 - 13*k + 2. What is the remainder when j(4) is divided by 81?
75
Suppose 5*p - 1324 + 724 = 0. Calculate the remainder when 235 is divided by p.
115
Calculate the remainder when 133 is divided by 94/3*((-552)/(-16))/23.
39
Let j(c) = 3*c**2 - c + 13. Suppose 4*k - a + 15 = 4*a, k = -a + 3. Calculate the remainder when 34 is divided by j(k).
8
Let o(q) = -5. Let v(r) be the third derivative of -r**4/24 - 3*r**2. Let t(b) = -o(b) - 6*v(b). Calculate the remainder when t(3) is divided by 6.
5
Suppose -3*t = 2*t + 45. Let a = 32 + t. What is the remainder when 91 is divided by a?
22
Suppose 4*n = 4*r - 152, -r + 99 + 111 = -5*n. Let q = -38 - n. Calculate the remainder when 13 is divided by q.
3
Suppose -3*z + 13 = 4*l, 3*l = z - 2*l - 17. Let j = z + -1. What is the remainder when 11 is divided by j?
5
Suppose 24*b + 520 = 34*b. What is the remainder when 205 is divided by b?
49
Suppose 0 = 2*z + 5*h + 9, -2*h - 3*h - 30 = -5*z. Suppose z*n + 74 = 98. Calculate the remainder when n is divided by 5.
3
Calculate the remainder when 216 is divided by 218/(0 - (1 - (-2 - -5))).
107
Let k(j) = 8*j**3 - 2*j**2 + j + 1. Suppose 30 = 5*l + 5*u, 0 = 3*l + 2*l - u - 30. Calculate the remainder when k(2) is divided by l.
5
Let i be 258/21 - (-8)/(-28). Let s = i + -6. Calculate the remainder when 27 is divided by (-69)/(-9) + (-4)/s.
6
Suppose -3*o + 268 = -o. Suppose -40 = 2*w - o. Let j(u) = 15*u**2 - 2*u - 1. What is the remainder when w is divided by j(-1)?
15
Let u(s) be the third derivative of s**6/120 - s**5/5 - s**3/2 + 9*s**2. Let k be u(12). Calculate the remainder when 173 is divided by 3 + k + -1 - -45.
41
Suppose -r - 3*r + 136 = 0. What is the remainder when r is divided by ((-60)/16)/((-948)/(-144) + -7)?
7
Suppose -5*u = -0*u - 3*t - 407, 3*t = 3*u - 243. Suppose q = -3*k + u, q + k + 315 = 5*q. What is the remainder when q is divided by 20?
19
Suppose -6*a = -2*a - 68. Let i(s) be the second derivative of s**4/12 + 24*s**2 + 5*s. What is the remainder when i(0) is divided by a?
14
Suppose -86 = -h - 2*z + 25, -3*h = 5*z - 330. What is the remainder when 364 is divided by h?
49
Let d(j) = 4*j**2 + 18*j - 343. What is the remainder when d(20) is divided by 15?
12
Let k(v) = v**3 - 9*v**2 - 30*v + 11. Let g be k(12). Suppose 0 = -c - 12 + g. What is the remainder when c is divided by 19?
14
Let n(l) = l**2 - 15*l + 8. Let x be n(14). Let v = 9 + x. Suppose -2*s + v*s = 35. What is the remainder when s is divided by 12?
11
What is the remainder when 22*5 - (-20 - -20) is divided by 20?
10
Suppose -4*p - 34 + 397 = 5*f, 5*p + 2*f - 458 = 0. Suppose -7*t + p = -5*t. Calculate the remainder when 90 is divided by t.
44
Let n = -6 - -11. Suppose -f + 32 = 4*q - 11, 60 = n*q - 5*f. What is the remainder when 31 is divided by q?
9
Suppose -s = -4*j - 23, 2*j = -3*s + 38 + 73. What is the remainder when 81 is divided by s?
11
Let q(v) = v**2 + 32*v - 785. Suppose -22 = -2*r + 16. What is the remainder when q(17) is divided by r?
10
Let i = 341 + -281. Calculate the remainder when i is divided by 9.
6
Suppose 15*h - 108 = 6*h. Suppose -y = 2*y - 69. Calculate the remainder when y is divided by h.
11
Let w(z) = 2*z**2 - 3*z - 4. Let u = 27 - 22. What is the remainder when w(u) is divided by 8?
7
Suppose -k - 3*t = -3 - 14, 0 = 3*k - t - 11. Suppose k*g = 4*g + 22. Suppose 5*j + 44